{"id":77,"date":"2024-05-30T21:20:04","date_gmt":"2024-05-30T19:20:04","guid":{"rendered":"https:\/\/info.modenska746.cz\/?page_id=77"},"modified":"2025-09-18T10:52:45","modified_gmt":"2025-09-18T08:52:45","slug":"domovni-rad","status":"publish","type":"page","link":"https:\/\/info.modenska746.cz\/index.php\/domovni-rad\/","title":{"rendered":"dokumenty ke sta\u017een\u00ed"},"content":{"rendered":"\n<ul class=\"wp-block-list\">\n<li><a href=\"http:\/\/info.modenska746.cz\/wp-content\/uploads\/2025\/08\/Oznameni-o-rozhodnuti-mimo-zasedani-per-rollam-3.pdf\">V\u00fdsledky hlasov\u00e1n\u00ed per rollam 2025<\/a><\/li>\n\n\n\n<li><a href=\"http:\/\/info.modenska746.cz\/wp-content\/uploads\/2025\/05\/Prezentace-shromazdeni-2025.pdf\">Prezentace shrom\u00e1\u017ed\u011bn\u00ed 2025<\/a><\/li>\n\n\n\n<li><a href=\"http:\/\/info.modenska746.cz\/wp-content\/uploads\/2025\/05\/UZ-2024.pdf\">\u00da\u010detn\u00ed z\u00e1v\u011brka 2024<\/a><\/li>\n\n\n\n<li><a href=\"http:\/\/info.modenska746.cz\/wp-content\/uploads\/2025\/05\/Zprava-o-stavu-hospodareni-2024-Modenska-746.pdf\">Zpr\u00e1va o stavu hospoda\u0159en\u00ed 2024<\/a><\/li>\n\n\n\n<li><a href=\"http:\/\/info.modenska746.cz\/wp-content\/uploads\/2025\/05\/Zmena-rozuctovacich-pravidel.pdf\" data-type=\"link\" data-id=\"http:\/\/info.modenska746.cz\/wp-content\/uploads\/2025\/05\/Zmena-rozuctovacich-pravidel.pdf\">Zm\u011bna roz\u00fa\u010dtovac\u00edch pravidel<\/a><\/li>\n\n\n\n<li><a href=\"http:\/\/info.modenska746.cz\/wp-content\/uploads\/2025\/05\/Pozvanka-shromazdeni-2025.pdf\" data-type=\"link\" data-id=\"http:\/\/info.modenska746.cz\/wp-content\/uploads\/2025\/05\/Pozvanka-shromazdeni-2025.pdf\">Pozv\u00e1nka na shrom\u00e1\u017ed\u011bn\u00ed 2025<\/a><\/li>\n\n\n\n<li><a href=\"http:\/\/info.modenska746.cz\/wp-content\/uploads\/2025\/05\/2025_shromazdeni_Plna_moc_k_zastupovani.docx\">Pln\u00e1 moc shrom\u00e1\u017ed\u011bn\u00ed 2025<\/a><\/li>\n<\/ul>\n\n\n\n<hr class=\"wp-block-separator has-alpha-channel-opacity\"\/>\n\n\n\n<ul class=\"wp-block-list\">\n<li><a href=\"http:\/\/info.modenska746.cz\/wp-content\/uploads\/2024\/11\/Vysledky-Ankety-102024-1.pdf\" data-type=\"link\" data-id=\"http:\/\/info.modenska746.cz\/wp-content\/uploads\/2024\/11\/Vysledky-Ankety-102024-1.pdf\">V\u00fdsledky ankety vlastn\u00edk\u016f SVJ 10\/2024<\/a><\/li>\n<\/ul>\n\n\n\n<hr class=\"wp-block-separator has-alpha-channel-opacity\"\/>\n\n\n\n<ul class=\"wp-block-list\">\n<li><a href=\"http:\/\/info.modenska746.cz\/wp-content\/uploads\/2024\/07\/Zapis-ze-shromazdeni-27.5.2024-Modenska-746.pdf\">Z\u00e1pis ze shrom\u00e1\u017ed\u011bn\u00ed 27.5.2024<\/a><\/li>\n\n\n\n<li><a href=\"http:\/\/info.modenska746.cz\/wp-content\/uploads\/2024\/07\/Prezentace-shromazdeni-27.5.2024-1.pdf\">Prezentace shrom\u00e1\u017ed\u011bn\u00ed 27.5.2024<\/a><\/li>\n\n\n\n<li><a href=\"http:\/\/info.modenska746.cz\/wp-content\/uploads\/2024\/07\/Prezence-shromazdeni-27.5.2024.pdf\">Prezen\u010dn\u00ed listina shrom\u00e1\u017ed\u011bn\u00ed 27.5.2024<\/a><\/li>\n<\/ul>\n\n\n\n<hr class=\"wp-block-separator has-alpha-channel-opacity\"\/>\n\n\n\n<ul class=\"wp-block-list\">\n<li><a href=\"http:\/\/info.modenska746.cz\/wp-content\/uploads\/2024\/07\/Stanovy-SVJ-27.5.2024.pdf\" target=\"_blank\" rel=\"noreferrer noopener\">Stanovy SVJ<\/a><\/li>\n\n\n\n<li><a href=\"http:\/\/info.modenska746.cz\/wp-content\/uploads\/2024\/06\/Domovni_rad.pdf\" target=\"_blank\" rel=\"noreferrer noopener\">Domovn\u00ed \u0159\u00e1d<\/a><\/li>\n\n\n\n<li><a href=\"http:\/\/info.modenska746.cz\/wp-content\/uploads\/2025\/05\/PENB-SVJ-Modenska-746_AB-1.pdf\">PENB<\/a><\/li>\n\n\n\n<li><a href=\"http:\/\/info.modenska746.cz\/wp-content\/uploads\/2025\/09\/2025_shromazdeni_per-rollam_Plna_moc.docx\">Dlouhodob\u00e1 pln\u00e1 moc<\/a><\/li>\n<\/ul>\n\n\n\n<hr class=\"wp-block-separator has-alpha-channel-opacity\"\/>\n\n\n\n<ul class=\"wp-block-list\">\n<li><a href=\"http:\/\/info.modenska746.cz\/wp-content\/uploads\/2024\/08\/Pozarni-rad.pdf\" target=\"_blank\" rel=\"noreferrer noopener\">Po\u017e\u00e1rn\u00ed \u0159\u00e1d<\/a><\/li>\n\n\n\n<li><a href=\"http:\/\/info.modenska746.cz\/wp-content\/uploads\/2024\/08\/Pozarni-poplachova-smernice.pdf\" target=\"_blank\" rel=\"noreferrer noopener\">Po\u017e\u00e1rn\u00ed poplachov\u00e9 sm\u011brnice<\/a><\/li>\n\n\n\n<li><a href=\"http:\/\/info.modenska746.cz\/wp-content\/uploads\/2024\/08\/Pozarni-evakuacni-plan-objekt-A-a-B.pdf\">Evakua\u010dn\u00ed pl\u00e1n<\/a><\/li>\n\n\n\n<li><a href=\"http:\/\/info.modenska746.cz\/wp-content\/uploads\/2024\/08\/Pozarni-evakuacni-plan-text.-cast.pdf\">Evakua\u010dn\u00ed pl\u00e1n text<\/a><\/li>\n<\/ul>\n\n\n\n<hr class=\"wp-block-separator has-alpha-channel-opacity\"\/>\n\n\n\n<ul class=\"wp-block-list\">\n<li><a href=\"http:\/\/info.modenska746.cz\/wp-content\/uploads\/2024\/06\/Kamerovy_system.pdf\" target=\"_blank\" rel=\"noreferrer noopener\">Kamerov\u00fd syst\u00e9m<\/a><\/li>\n\n\n\n<li><a href=\"http:\/\/info.modenska746.cz\/wp-content\/uploads\/2025\/08\/Rozuctovaci-pravidla-2025.pdf\" target=\"_blank\" rel=\"noreferrer noopener\">Roz\u00fa\u010dtovac\u00ed pravidla<\/a><\/li>\n<\/ul>\n\n\n\n<hr class=\"wp-block-separator has-alpha-channel-opacity\"\/>\n\n\n\n<ul class=\"wp-block-list\">\n<li><a href=\"http:\/\/info.modenska746.cz\/wp-content\/uploads\/2024\/07\/Zapis-ze-schuze-vyboru-1.pdf\">Z\u00e1pis ze sch\u016fze v\u00fdboru 1<\/a><\/li>\n\n\n\n<li><a href=\"http:\/\/info.modenska746.cz\/wp-content\/uploads\/2024\/07\/Zapis-ze-schuze-vyboru-2.pdf\">Z\u00e1pis ze sch\u016fze v\u00fdboru 2<\/a><\/li>\n\n\n\n<li><a href=\"http:\/\/info.modenska746.cz\/wp-content\/uploads\/2024\/07\/Zapis-ze-schuze-vyboru-3.pdf\">Z\u00e1pis ze sch\u016fze v\u00fdboru 3<\/a><\/li>\n\n\n\n<li><a href=\"http:\/\/info.modenska746.cz\/wp-content\/uploads\/2024\/07\/Zapis-ze-schuze-vyboru-4.pdf\">Z\u00e1pis ze sch\u016fze v\u00fdboru 4<\/a><\/li>\n\n\n\n<li><a href=\"http:\/\/info.modenska746.cz\/wp-content\/uploads\/2025\/02\/Zapis-ze-schuze-vyboru-5.pdf\" data-type=\"link\" data-id=\"http:\/\/info.modenska746.cz\/wp-content\/uploads\/2025\/02\/Zapis-ze-schuze-vyboru-5.pdf\">Z\u00e1pis ze sch\u016fze v\u00fdboru 5<\/a><\/li>\n\n\n\n<li><a href=\"http:\/\/info.modenska746.cz\/wp-content\/uploads\/2025\/02\/Zapis-ze-schuze-vyboru-6.pdf\" data-type=\"link\" data-id=\"http:\/\/info.modenska746.cz\/wp-content\/uploads\/2025\/02\/Zapis-ze-schuze-vyboru-6.pdf\">Z\u00e1pis ze sch\u016fze v\u00fdboru 6<\/a><\/li>\n\n\n\n<li><a href=\"http:\/\/info.modenska746.cz\/wp-content\/uploads\/2025\/09\/Zapis-ze-schuze-vyboru-7.pdf\">Z\u00e1pis ze sch\u016fze v\u00fdboru 7<\/a><\/li>\n\n\n\n<li><a href=\"http:\/\/info.modenska746.cz\/wp-content\/uploads\/2025\/09\/Zapis-ze-schuze-vyboru-8.pdf\">Z\u00e1pis ze sch\u016fze v\u00fdboru 8<\/a><\/li>\n\n\n\n<li><a href=\"http:\/\/info.modenska746.cz\/wp-content\/uploads\/2025\/09\/Zapis-ze-schuze-okolnich-vyboru-Javorove-ctvrti.pdf\">Z\u00e1pis ze sch\u016fze okoln\u00edch v\u00fdboru Javorov\u00e9 \u010dtvrti<\/a><\/li>\n\n\n\n<li><a href=\"http:\/\/info.modenska746.cz\/wp-content\/uploads\/2025\/09\/Zapis-ze-schuze-s-MC.pdf\">Z\u00e1pis z jedn\u00e1n\u00ed s M\u010c<\/a><\/li>\n<\/ul>\n\n\n\n<p><\/p>\n","protected":false},"excerpt":{"rendered":"","protected":false},"author":1,"featured_media":0,"parent":0,"menu_order":0,"comment_status":"closed","ping_status":"closed","template":"","meta":{"footnotes":""},"class_list":["post-77","page","type-page","status-publish","hentry"],"_links":{"self":[{"href":"https:\/\/info.modenska746.cz\/index.php\/wp-json\/wp\/v2\/pages\/77","targetHints":{"allow":["GET"]}}],"collection":[{"href":"https:\/\/info.modenska746.cz\/index.php\/wp-json\/wp\/v2\/pages"}],"about":[{"href":"https:\/\/info.modenska746.cz\/index.php\/wp-json\/wp\/v2\/types\/page"}],"author":[{"embeddable":true,"href":"https:\/\/info.modenska746.cz\/index.php\/wp-json\/wp\/v2\/users\/1"}],"replies":[{"embeddable":true,"href":"https:\/\/info.modenska746.cz\/index.php\/wp-json\/wp\/v2\/comments?post=77"}],"version-history":[{"count":41,"href":"https:\/\/info.modenska746.cz\/index.php\/wp-json\/wp\/v2\/pages\/77\/revisions"}],"predecessor-version":[{"id":326,"href":"https:\/\/info.modenska746.cz\/index.php\/wp-json\/wp\/v2\/pages\/77\/revisions\/326"}],"wp:attachment":[{"href":"https:\/\/info.modenska746.cz\/index.php\/wp-json\/wp\/v2\/media?parent=77"}],"curies":[{"name":"wp","href":"https:\/\/api.w.org\/{rel}","templated":true}]}}