{"id":55,"date":"2024-05-29T21:40:42","date_gmt":"2024-05-29T19:40:42","guid":{"rendered":"https:\/\/info.modenska746.cz\/?page_id=55"},"modified":"2025-05-12T11:57:52","modified_gmt":"2025-05-12T09:57:52","slug":"casto-kladene-otazky","status":"publish","type":"page","link":"https:\/\/info.modenska746.cz\/index.php\/casto-kladene-otazky\/","title":{"rendered":"\u010dast\u00e9 ot\u00e1zky"},"content":{"rendered":"\n<h2 class=\"wp-block-heading\">Technick\u00e9 z\u00e1le\u017eitosti, z\u00e1vady, odpad&#8230;<\/h2>\n\n\n\n<details class=\"wp-block-details is-layout-flow wp-block-details-is-layout-flow\"><summary>Co d\u011blat, kdy\u017e chci nahl\u00e1sit z\u00e1vadu ve spole\u010dn\u00fdch prostor\u00e1ch?<\/summary>\n<p>Pros\u00edme o zasl\u00e1n\u00ed e-mailu, \u010di zpr\u00e1vy na\u0161emu technikovi panu Ku\u010derovi (viz <a href=\"https:\/\/info.modenska746.cz\/index.php\/kontakty\/\" data-type=\"page\" data-id=\"50\">kontakty<\/a>).<\/p>\n<\/details>\n\n\n\n<details class=\"wp-block-details is-layout-flow wp-block-details-is-layout-flow\"><summary>Jak mohu kontaktovat spr\u00e1vce nebo n\u011bkoho z v\u00fdboru?<\/summary>\n<p>Ve\u0161ker\u00e9 kontaktn\u00ed \u00fadaje jsou uvedeny v <a href=\"https:\/\/info.modenska746.cz\/index.php\/kontakty\/\" data-type=\"page\" data-id=\"50\">kontaktech<\/a>.<\/p>\n\n\n\n<details class=\"wp-block-details is-layout-flow wp-block-details-is-layout-flow\"><summary><\/summary>\n<p><\/p>\n<\/details>\n<\/details>\n\n\n\n<details class=\"wp-block-details is-layout-flow wp-block-details-is-layout-flow\"><summary>Okna a balk\u00f3nov\u00e9 dve\u0159e<\/summary>\n<p>Pokud pot\u0159ebujete se\u0159\u00eddit, promazat nebo vym\u011bnit t\u011bsn\u011bn\u00ed u oken a balk\u00f3nov\u00fdch dve\u0159\u00ed kontaktujte p\u0159\u00edmo pana Svobodu nebo samoz\u0159ejm\u011b jak\u00fdkoliv jin\u00fd servis. Pan Svoboda u\u017e n\u00e1m servis d\u011blal a je autorizovan\u00fd p\u0159\u00edmo od Slovaktual &#8211;  Martin Svoboda &#8211; 606 759 144, svoboda26@email.cz<\/p>\n<\/details>\n\n\n\n<details class=\"wp-block-details is-layout-flow wp-block-details-is-layout-flow\"><summary>Co d\u011blat, kdy\u017e mi doma &#8222;p\u00edp\u00e1&#8220; po\u017e\u00e1rn\u00ed hl\u00e1si\u010d.<\/summary>\n<p>Velmi pravd\u011bpodobn\u011b bude sta\u010dit v\u00fdm\u011bna bateri\u00ed uvnit\u0159 hl\u00e1si\u010de.<\/p>\n<\/details>\n\n\n\n<details class=\"wp-block-details is-layout-flow wp-block-details-is-layout-flow\"><summary>Za\u010dala topn\u00e1 sez\u00f3na a netop\u00ed mi radi\u00e1tor&#8230;<\/summary>\n<p>P\u0159i za\u010d\u00e1tku topn\u00e9 sez\u00f3ny je pot\u0159eba v\u0161echny radi\u00e1tory v byt\u011b pustit na plno&#8230; v p\u0159\u00edpad\u011b, \u017ee n\u011bkter\u00fd z radi\u00e1toru netop\u00ed je pot\u0159eba ho odvzdu\u0161nit. <\/p>\n\n\n\n<p>N\u00e1vod zde: <a href=\"https:\/\/www.youtube.com\/watch?v=iC9xExmSaJg\">https:\/\/www.youtube.com\/watch?v=iC9xExmSaJg<\/a><\/p>\n<\/details>\n\n\n\n<details class=\"wp-block-details is-layout-flow wp-block-details-is-layout-flow\"><summary>Kam s velk\u00fdm odpadem?<\/summary>\n<p>Ve\u0161ker\u00fd odpad, kter\u00fd nepat\u0159\u00ed do \u010dern\u00e9ho kontejneru ( matrace, sk\u0159\u00ed\u0148ky, elektronika&#8230;.) pat\u0159\u00ed na sb\u011brn\u00fd dv\u016fr. V bl\u00edzkosti m\u00e1me dva. Jeden t\u00e9m\u011b\u0159 za rohem:<\/p>\n\n\n\n<p><strong>Sb\u011brn\u00fd dv\u016fr Za zast\u00e1vkou&nbsp; 3 &#8211; Doln\u00ed M\u011bcholupy (v are\u00e1lu Mahrla)<\/strong><br>Provozovatel :&nbsp; spole\u010dnost Pra\u017esk\u00e9 slu\u017eby a.s.<br>Kontakt:&nbsp;&nbsp;&nbsp; tel: 733 164 810<\/p>\n\n\n\n<p>Druh\u00fd sb\u011brn\u00fd dv\u016fr:<\/p>\n\n\n\n<p><strong>Sb\u011brn\u00fd dv\u016fr v Tepl\u00e1rensk\u00e9 ulici \u010d. 5, Praha 14<\/strong><br>(na Pr\u016fmyslov\u00e9 ulici za Male\u0161ickou tepl\u00e1rnou odbo\u010dka vlevo -viz pl\u00e1nek)<br>provozovatel: VS-Ekoprag s.r.o<br>Kontakt:&nbsp; tel.: 272 700 952, 777 301 201<\/p>\n\n\n\n<p>D\u00e1le pak na str\u00e1nk\u00e1ch Prahy 15, m\u016f\u017eete sledovat p\u0159istaven\u00ed velkoobjemov\u00fdch kontejner\u016f.<\/p>\n<\/details>\n\n\n\n<h2 class=\"wp-block-heading\">Dokumenty<\/h2>\n\n\n\n<details class=\"wp-block-details is-layout-flow wp-block-details-is-layout-flow\"><summary>Kde naleznu platn\u00e9 stanovy SVJ?<\/summary>\n<p>Platn\u00e9 stanovy na\u0161eho SVJ jsou ulo\u017eeny v sekci <a href=\"https:\/\/info.modenska746.cz\/index.php\/domovni-rad\/\" data-type=\"page\" data-id=\"77\">dokumenty ke sta\u017een\u00ed<\/a>.<\/p>\n<\/details>\n\n\n\n<details class=\"wp-block-details is-layout-flow wp-block-details-is-layout-flow\"><summary>Jako vlastn\u00edk m\u00e1m pr\u00e1vo nahl\u00ed\u017eet do v\u0161ech dokument\u016f, kter\u00e9 se t\u00fdkaj\u00ed domu. Kde je najdu?<\/summary>\n<p>Registrujte se v aplikaci na\u0161\u00ed spr\u00e1vcovsk\u00e9 firmy Optimcare. <a href=\"https:\/\/optimcare.cz\/optim\/\">https:\/\/optimcare.cz\/optim\/<\/a>, kde n\u00e1sledn\u011b uvid\u00edte v\u0161echny dokumenty k na\u0161emu domu. <\/p>\n<\/details>\n\n\n\n<details class=\"wp-block-details is-layout-flow wp-block-details-is-layout-flow\"><summary>Existuj\u00ed n\u011bjak\u00e1 pravidla upravuj\u00edc\u00ed pr\u00e1va a povinnosti obyvatel v dom\u011b?<\/summary>\n<p>Ano, shrom\u00e1\u017ed\u011bn\u00ed si dne 7.11.2019 schv\u00e1lilo domovn\u00ed \u0159\u00e1d a je ke sta\u017een\u00ed zde <a href=\"https:\/\/info.modenska746.cz\/index.php\/domovni-rad\/\" data-type=\"page\" data-id=\"77\">dokumenty ke sta\u017een\u00ed<\/a>. <\/p>\n\n\n\n<p>Jeho zkr\u00e1cen\u00e9 zn\u011bn\u00ed naleznete tak\u00e9 ve vstupn\u00ed hale za vstupn\u00edmi dve\u0159mi.<\/p>\n<\/details>\n\n\n\n<p><\/p>\n\n\n\n<h2 class=\"wp-block-heading\">Kl\u00ed\u010de, \u010dipy&#8230;<\/h2>\n\n\n\n<div class=\"wp-block-group\"><div class=\"wp-block-group__inner-container is-layout-constrained wp-block-group-is-layout-constrained\">\n<details class=\"wp-block-details is-layout-flow wp-block-details-is-layout-flow\"><summary>Co d\u011blat, kdy\u017e jsem ztratil\/a nebo pot\u0159ebuji p\u0159id\u011blat ovlada\u010d od gar\u00e1\u017eov\u00fdch vrat.<\/summary>\n<p>Obra\u0165te se na na\u0161\u00ed spr\u00e1vcovskou firmu Optimcare, konkr\u00e9tn\u011b pan\u00ed <a href=\"https:\/\/info.modenska746.cz\/index.php\/kontakty\/\" data-type=\"page\" data-id=\"50\">Proch\u00e1zkovou<\/a>. Nov\u00fd ovlada\u010d stoj\u00ed cca. 1000k\u010d.<\/p>\n<\/details>\n<\/div><\/div>\n\n\n\n<details class=\"wp-block-details is-layout-flow wp-block-details-is-layout-flow\"><summary>Co d\u011blat, kdy\u017e jsem ztratil\/a p\u0159\u00edstupov\u00fd \u010dip nebo st\u00e1vaj\u00edc\u00ed nefunguje.<\/summary>\n<p>Napi\u0161te na <a href=\"https:\/\/info.modenska746.cz\/index.php\/kontakty\/\" data-type=\"page\" data-id=\"50\">email v\u00fdboru SVJ<\/a> \u010d\u00edslo \u010dipu, kter\u00fd je ztracen \u010di nefunk\u010dn\u00ed. O v\u00fdm\u011bnu nebo nov\u00fd \u010dip mus\u00ed v\u017edy \u017e\u00e1dat majitel bytu, nikoliv n\u00e1jemn\u00edk. <\/p>\n<\/details>\n\n\n\n<details class=\"wp-block-details is-layout-flow wp-block-details-is-layout-flow\"><summary>Co d\u011blat, kdy\u017e pot\u0159ebuji kl\u00ed\u010d od ko\u010d\u00e1rk\u00e1rny.<\/summary>\n<p>Napi\u0161te na <a href=\"https:\/\/info.modenska746.cz\/index.php\/kontakty\/\" data-type=\"page\" data-id=\"50\">email<\/a> pan\u00ed Proch\u00e1zkov\u00e9 od Optimcare \u010d\u00edslo Va\u0161eho vchodu a domluv\u00edte se s n\u00ed na p\u0159ed\u00e1n\u00ed kl\u00ed\u010de. Kl\u00ed\u010d stoj\u00ed cca. 300,-.<\/p>\n<\/details>\n\n\n\n<h2 class=\"wp-block-heading\">Ostatn\u00ed<\/h2>\n\n\n\n<details class=\"wp-block-details is-layout-flow wp-block-details-is-layout-flow\"><summary>Nov\u011b jsem zde koupil\/a byt&#8230;<\/summary>\n<p>Standardn\u011b by m\u011bl kontakty na nov\u00e9 majitele p\u0159edat p\u016fvodn\u00ed majitel bytu, ale ne v\u017edy se tak stane. Pros\u00edme V\u00e1s tedy o zasl\u00e1n\u00ed Va\u0161ich kontaktn\u00edch \u00fadaj\u016f na <a href=\"https:\/\/info.modenska746.cz\/index.php\/kontakty\/\" data-type=\"page\" data-id=\"50\">email v\u00fdboru<\/a>, zahrneme V\u00e1s do kontakt\u016f vlastn\u00edk\u016f, aby V\u00e1m neunikly d\u016fle\u017eit\u00e9 informace. <\/p>\n<\/details>\n\n\n\n<details class=\"wp-block-details is-layout-flow wp-block-details-is-layout-flow\"><summary>Sousedsk\u00e9 spory &#8211; hluk, z\u00e1pach&#8230;<\/summary>\n<p>Pokud v\u00edte konkr\u00e9tn\u00ed byt, kde je probl\u00e9m, napi\u0161te na <a href=\"https:\/\/info.modenska746.cz\/index.php\/kontakty\/\" data-type=\"page\" data-id=\"50\">email v\u00fdboru<\/a> a my budeme kontaktovat majitele o n\u00e1pravu. Pokud nev\u00edte konkr\u00e9tn\u00ed byt, v\u017edy je pot\u0159eba kontaktovat <a href=\"https:\/\/info.modenska746.cz\/index.php\/kontakty\/\" data-type=\"page\" data-id=\"50\">Policii \u010cR<\/a>.<\/p>\n<\/details>\n","protected":false},"excerpt":{"rendered":"<p>Technick\u00e9 z\u00e1le\u017eitosti, z\u00e1vady, odpad&#8230; Dokumenty Kl\u00ed\u010de, \u010dipy&#8230; Ostatn\u00ed<\/p>\n","protected":false},"author":1,"featured_media":0,"parent":0,"menu_order":0,"comment_status":"closed","ping_status":"closed","template":"","meta":{"footnotes":""},"class_list":["post-55","page","type-page","status-publish","hentry"],"_links":{"self":[{"href":"https:\/\/info.modenska746.cz\/index.php\/wp-json\/wp\/v2\/pages\/55","targetHints":{"allow":["GET"]}}],"collection":[{"href":"https:\/\/info.modenska746.cz\/index.php\/wp-json\/wp\/v2\/pages"}],"about":[{"href":"https:\/\/info.modenska746.cz\/index.php\/wp-json\/wp\/v2\/types\/page"}],"author":[{"embeddable":true,"href":"https:\/\/info.modenska746.cz\/index.php\/wp-json\/wp\/v2\/users\/1"}],"replies":[{"embeddable":true,"href":"https:\/\/info.modenska746.cz\/index.php\/wp-json\/wp\/v2\/comments?post=55"}],"version-history":[{"count":29,"href":"https:\/\/info.modenska746.cz\/index.php\/wp-json\/wp\/v2\/pages\/55\/revisions"}],"predecessor-version":[{"id":300,"href":"https:\/\/info.modenska746.cz\/index.php\/wp-json\/wp\/v2\/pages\/55\/revisions\/300"}],"wp:attachment":[{"href":"https:\/\/info.modenska746.cz\/index.php\/wp-json\/wp\/v2\/media?parent=55"}],"curies":[{"name":"wp","href":"https:\/\/api.w.org\/{rel}","templated":true}]}}

časté otázky

<h2 class="wp-block-heading">Technické záležitosti, závady, odpad&#8230;</h2>



<details class="wp-block-details is-layout-flow wp-block-details-is-layout-flow"><summary>Co dělat, když chci nahlásit závadu ve společných prostorách?</summary>
<p>Prosíme o zaslání e-mailu, či zprávy našemu technikovi panu Kučerovi (viz <a href="https://info.modenska746.cz/index.php/kontakty/" data-type="page" data-id="50">kontakty</a>).</p>
</details>



<details class="wp-block-details is-layout-flow wp-block-details-is-layout-flow"><summary>Jak mohu kontaktovat správce nebo někoho z výboru?</summary>
<p>Veškeré kontaktní údaje jsou uvedeny v <a href="https://info.modenska746.cz/index.php/kontakty/" data-type="page" data-id="50">kontaktech</a>.</p>



<details class="wp-block-details is-layout-flow wp-block-details-is-layout-flow"><summary></summary>
<p></p>
</details>
</details>



<details class="wp-block-details is-layout-flow wp-block-details-is-layout-flow"><summary>Okna a balkónové dveře</summary>
<p>Pokud potřebujete seřídit, promazat nebo vyměnit těsnění u oken a balkónových dveří kontaktujte přímo pana Svobodu nebo samozřejmě jakýkoliv jiný servis. Pan Svoboda už nám servis dělal a je autorizovaný přímo od Slovaktual &#8211;  Martin Svoboda &#8211; 606 759 144, svoboda26@email.cz</p>
</details>



<details class="wp-block-details is-layout-flow wp-block-details-is-layout-flow"><summary>Co dělat, když mi doma &#8222;pípá&#8220; požární hlásič.</summary>
<p>Velmi pravděpodobně bude stačit výměna baterií uvnitř hlásiče.</p>
</details>



<details class="wp-block-details is-layout-flow wp-block-details-is-layout-flow"><summary>Začala topná sezóna a netopí mi radiátor&#8230;</summary>
<p>Při začátku topné sezóny je potřeba všechny radiátory v bytě pustit na plno&#8230; v případě, že některý z radiátoru netopí je potřeba ho odvzdušnit. </p>



<p>Návod zde: <a href="https://www.youtube.com/watch?v=iC9xExmSaJg">https://www.youtube.com/watch?v=iC9xExmSaJg</a></p>
</details>



<details class="wp-block-details is-layout-flow wp-block-details-is-layout-flow"><summary>Kam s velkým odpadem?</summary>
<p>Veškerý odpad, který nepatří do černého kontejneru ( matrace, skříňky, elektronika&#8230;.) patří na sběrný dvůr. V blízkosti máme dva. Jeden téměř za rohem:</p>



<p><strong>Sběrný dvůr Za zastávkou&nbsp; 3 &#8211; Dolní Měcholupy (v areálu Mahrla)</strong><br>Provozovatel :&nbsp; společnost Pražské služby a.s.<br>Kontakt:&nbsp;&nbsp;&nbsp; tel: 733 164 810</p>



<p>Druhý sběrný dvůr:</p>



<p><strong>Sběrný dvůr v Teplárenské ulici č. 5, Praha 14</strong><br>(na Průmyslové ulici za Malešickou teplárnou odbočka vlevo -viz plánek)<br>provozovatel: VS-Ekoprag s.r.o<br>Kontakt:&nbsp; tel.: 272 700 952, 777 301 201</p>



<p>Dále pak na stránkách Prahy 15, můžete sledovat přistavení velkoobjemových kontejnerů.</p>
</details>



<h2 class="wp-block-heading">Dokumenty</h2>



<details class="wp-block-details is-layout-flow wp-block-details-is-layout-flow"><summary>Kde naleznu platné stanovy SVJ?</summary>
<p>Platné stanovy našeho SVJ jsou uloženy v sekci <a href="https://info.modenska746.cz/index.php/domovni-rad/" data-type="page" data-id="77">dokumenty ke stažení</a>.</p>
</details>



<details class="wp-block-details is-layout-flow wp-block-details-is-layout-flow"><summary>Jako vlastník mám právo nahlížet do všech dokumentů, které se týkají domu. Kde je najdu?</summary>
<p>Registrujte se v aplikaci naší správcovské firmy Optimcare. <a href="https://optimcare.cz/optim/">https://optimcare.cz/optim/</a>, kde následně uvidíte všechny dokumenty k našemu domu. </p>
</details>



<details class="wp-block-details is-layout-flow wp-block-details-is-layout-flow"><summary>Existují nějaká pravidla upravující práva a povinnosti obyvatel v domě?</summary>
<p>Ano, shromáždění si dne 7.11.2019 schválilo domovní řád a je ke stažení zde <a href="https://info.modenska746.cz/index.php/domovni-rad/" data-type="page" data-id="77">dokumenty ke stažení</a>. </p>



<p>Jeho zkrácené znění naleznete také ve vstupní hale za vstupními dveřmi.</p>
</details>



<p></p>



<h2 class="wp-block-heading">Klíče, čipy&#8230;</h2>



<div class="wp-block-group"><div class="wp-block-group__inner-container is-layout-constrained wp-block-group-is-layout-constrained">
<details class="wp-block-details is-layout-flow wp-block-details-is-layout-flow"><summary>Co dělat, když jsem ztratil/a nebo potřebuji přidělat ovladač od garážových vrat.</summary>
<p>Obraťte se na naší správcovskou firmu Optimcare, konkrétně paní <a href="https://info.modenska746.cz/index.php/kontakty/" data-type="page" data-id="50">Procházkovou</a>. Nový ovladač stojí cca. 1000kč.</p>
</details>
</div></div>



<details class="wp-block-details is-layout-flow wp-block-details-is-layout-flow"><summary>Co dělat, když jsem ztratil/a přístupový čip nebo stávající nefunguje.</summary>
<p>Napište na <a href="https://info.modenska746.cz/index.php/kontakty/" data-type="page" data-id="50">email výboru SVJ</a> číslo čipu, který je ztracen či nefunkční. O výměnu nebo nový čip musí vždy žádat majitel bytu, nikoliv nájemník. </p>
</details>



<details class="wp-block-details is-layout-flow wp-block-details-is-layout-flow"><summary>Co dělat, když potřebuji klíč od kočárkárny.</summary>
<p>Napište na <a href="https://info.modenska746.cz/index.php/kontakty/" data-type="page" data-id="50">email</a> paní Procházkové od Optimcare číslo Vašeho vchodu a domluvíte se s ní na předání klíče. Klíč stojí cca. 300,-.</p>
</details>



<h2 class="wp-block-heading">Ostatní</h2>



<details class="wp-block-details is-layout-flow wp-block-details-is-layout-flow"><summary>Nově jsem zde koupil/a byt&#8230;</summary>
<p>Standardně by měl kontakty na nové majitele předat původní majitel bytu, ale ne vždy se tak stane. Prosíme Vás tedy o zaslání Vašich kontaktních údajů na <a href="https://info.modenska746.cz/index.php/kontakty/" data-type="page" data-id="50">email výboru</a>, zahrneme Vás do kontaktů vlastníků, aby Vám neunikly důležité informace. </p>
</details>



<details class="wp-block-details is-layout-flow wp-block-details-is-layout-flow"><summary>Sousedské spory &#8211; hluk, zápach&#8230;</summary>
<p>Pokud víte konkrétní byt, kde je problém, napište na <a href="https://info.modenska746.cz/index.php/kontakty/" data-type="page" data-id="50">email výboru</a> a my budeme kontaktovat majitele o nápravu. Pokud nevíte konkrétní byt, vždy je potřeba kontaktovat <a href="https://info.modenska746.cz/index.php/kontakty/" data-type="page" data-id="50">Policii ČR</a>.</p>
</details>

<p>Technické záležitosti, závady, odpad&#8230; Dokumenty Klíče, čipy&#8230; Ostatní</p>
